84 - 12 = c*l. List the prime factors of 4/(-3)*504/l.
2, 3, 7
Suppose -2*l = -5*i - 3265, -1650 = -4*l + 5*i + 4885. Suppose -5*g + l = 235. List the prime factors of g.
2, 5, 7
Let q = 143 + -143. Suppose q*j - 4*j + 8 = 0. List the prime factors of j.
2
Let j be (4/(-6))/(6/(-18)). Suppose 0*w = j*o - 2*w - 8, -w = 2*o - 2. Let t(u) = 17*u**2 - 4. List the prime factors of t(o).
2
List the prime factors of (-7540)/(-14) + (-56)/98.
2, 269
Let c be ((-4)/14)/((-14)/98). What are the prime factors of 425*(-1)/(-2) - (-1)/c?
3, 71
Let m be -9 - (-3 + 8 - 2). Let w = -7 - m. Suppose 0 = 4*y - w*s - 2, 2*y + y = 3*s + 3. List the prime factors of y.
3
Let i(m) = 46*m - 26. What are the prime factors of i(9)?
2, 97
Let n = 37 + -30. Let f be (-12)/9*n*-27. Suppose 0 = 4*o + 4*s - f, -2*s = -4*o + 3*s + 261. List the prime factors of o.
2
Let u(z) = -31*z - 2. Let s be u(-2). List the prime factors of (-2 + -2)/(-1 + 58/s).
2, 3, 5
Suppose 2*b - b = -5*i + 601, 5*i = 3*b - 1783. What are the prime factors of b?
2, 149
Suppose 0 = -4*z + 2035 + 589. Suppose m + 4 = 2*p + 124, -5*m + z = 4*p. List the prime factors of m.
2
Suppose 3*y = 216 + 9. Let z = 150 - y. List the prime factors of z.
3, 5
Suppose 0 = -5*l - 3*n + 10538, -164*l + 162*l + 4204 = 4*n. What are the prime factors of l?
2, 5, 211
Suppose 4*c = -2*n + 2, 2*c - 1 = -3. Suppose 3*b = -p + 65, -2*p + n*b + 146 = 25. List the prime factors of p.
2, 31
Suppose -21369 - 7881 = 15*p. What are the prime factors of (p/40)/((-1)/4)?
3, 5, 13
Let p = -18 - -451. What are the prime factors of p?
433
Suppose 3*y - 33 = -3. Let v(b) = b**3 - 10*b**2 + 4*b + 4. Let d be v(y). Suppose -t = -36 - d. List the prime factors of t.
2, 5
Suppose 5*a = 5*j + 230, 2*a = 4*a + j - 86. Suppose 0*w = -w + a. What are the prime factors of w?
2, 11
Let u = 715 - 464. List the prime factors of u.
251
Let n = 21 + -12. Let g = -10 + n. What are the prime factors of g - 66/(-3) - 2?
19
Suppose -u - 3*u = -r + 387, 3*r = -u + 1174. What are the prime factors of r?
17, 23
Suppose -3*i + 63*u - 67*u = -10300, 3444 = i - 4*u. What are the prime factors of i?
2, 859
Suppose 5*u - 4015 = 5*i, -58*u + 55*u - 2*i + 2409 = 0. What are the prime factors of u?
11, 73
Let r(v) = -v**3 + 11*v**2 + 13*v - 13. Let t be r(12). List the prime factors of (-20)/t + 3 - 3.
2, 5
Let t(c) = -c**2 + 6*c + 5. Let q be t(6). Let j(h) = -1 + 5 - 14 + q*h. What are the prime factors of j(4)?
2, 5
Suppose 3*a = -3*x + 7764, a - 5*x - 620 = 1986. List the prime factors of a.
2591
Suppose -3*h + 2*f + 19 = 0, -4*h - 4*f = f - 56. Suppose 1072 = -x + h*x. List the prime factors of x.
2, 67
Suppose 2*z - 4*z + 312 = -3*j, 5*z - 5*j - 770 = 0. What are the prime factors of z?
2, 3, 5
What are the prime factors of (-1414)/3*66/(-44)?
7, 101
Suppose -2*m + 0 = j - 5, -4*j = 5*m - 20. Suppose h = j - 3. Suppose h*q - 3*o - 22 - 42 = 0, 0 = o - 2. List the prime factors of q.
5, 7
Suppose 105 = 3*a - 0. Suppose a = 4*d + d. Suppose d*p - 41 = 92. What are the prime factors of p?
19
Let o = -2379 - -3490. List the prime factors of o.
11, 101
What are the prime factors of ((-202)/303)/(2/(-2754))?
2, 3, 17
Let y be 12/18 + 38/6. Let g be y/14 + 1/(-2). Suppose 0 = -3*l - g + 9. What are the prime factors of l?
3
Let q = 15 - 21. Let u = q - -44. Suppose -u = -4*g + 114. List the prime factors of g.
2, 19
Let h(a) = -a + 20. Let j be h(18). Let v be 90*(j/6 - -1). Suppose -r - v = -4*r. What are the prime factors of r?
2, 5
Suppose 2*j - 2*q - 3*q = 4846, -5*q + 9632 = 4*j. What are the prime factors of j?
19, 127
Let o(i) be the third derivative of i**5/20 + i**4/24 - 6*i**2. Let t be o(2). Suppose -t = -2*h + 2*n, 0 = -4*h + 2*n + 7 + 21. List the prime factors of h.
7
What are the prime factors of 1/(3 + ((-54275)/(-3620))/(-5))?
2, 181
Let d(m) = 25*m**2 + m + 1. Let k be d(-1). Let o(f) = 2*f - 6. Let l be o(5). Suppose -l = -h + k. What are the prime factors of h?
29
Let p = -15 + 23. List the prime factors of (p + 0)*(645/20 - -5).
2, 149
Suppose -2*y = 5*w - 3*w - 1162, 0 = -5*w - 2*y + 2893. List the prime factors of w.
577
Suppose 38*m = 35*m + 1224. What are the prime factors of m?
2, 3, 17
Let w be 10/(-15)*1*9. Let g be 171 + -1 + (w - -4). Suppose -3*y - g = -6*y. List the prime factors of y.
2, 7
Let r be 4 + (2 - 3) + 2. Suppose -4*p + 133 = -r*m, 2*p - 3*m - 2*m = 59. List the prime factors of p.
37
Suppose -3*r = -3*j + 1185, -2*j + 2*r + 3*r = -784. What are the prime factors of j?
397
Let v be 1715/3 - -2 - (-20)/(-30). List the prime factors of (v/12)/((-3)/(-12)).
191
Suppose 0 = 52*k - 49*k - 9. Suppose k*f = 0, 2*b = -0*b + 5*f + 660. List the prime factors of b.
2, 3, 5, 11
Let m be 3/9*0/7. Suppose -5*x = -0*c + c - 84, m = -3*x. What are the prime factors of c?
2, 3, 7
Suppose u - 27 = -3*v + 5, -3*u + 16 = v. Suppose v*h = 7*h + 36. Let b(w) = w**3 - 12*w**2 + w + 8. List the prime factors of b(h).
2, 5
Let s(z) = 82*z**2 - 12*z - 65. List the prime factors of s(-3).
709
Let p = 48 - 171. Let w = p - -304. What are the prime factors of w?
181
Let p be 4 - (2 + 4) - -26. Suppose -3*w = -w + p. List the prime factors of 90/w*(-8)/6.
2, 5
Let x be (6 - 3) + -1 + 1 + -1. Suppose -x*u = -5*q - 194, -5*u + 485 = 4*q + q. List the prime factors of u.
97
Suppose 138*z - 144*z + 7494 = 0. What are the prime factors of z?
1249
Suppose 0 = -2*i - i + 12. Let x = 41 - 35. List the prime factors of i - (x + -3 - 45).
2, 23
Let r = 86 - 74. Suppose 0 = -r*i + 5*i + 840. List the prime factors of i.
2, 3, 5
Let r be -6*(20/(-12))/5. Let y(s) = -3 - 6 + s**2 + 13*s + 0 + 0*s**r. What are the prime factors of y(-16)?
3, 13
Suppose -2*h - 38 = -944. List the prime factors of h.
3, 151
Let c = -9739 - -14075. What are the prime factors of c?
2, 271
Suppose 0 = 3*v + 6, -6*k - 4*v - 4 = -4*k. Suppose -m = k*m + t - 118, 5*t = m - 34. What are the prime factors of m?
3, 13
Let o = -6512 + 9475. List the prime factors of o.
2963
Suppose -28 = 4*g - 4. Let i be 20/(-15)*g/4. Suppose -i*t - 55 = -7*t. List the prime factors of t.
11
Suppose 6*u - u = 50. What are the prime factors of -2*((-2745)/u)/9?
61
Let d(h) be the second derivative of h**4/12 - 19*h**3/6 - 23*h**2/2 + 36*h. What are the prime factors of d(22)?
43
Let i(l) = 5*l - 4*l**2 - 3 + 10*l**2 - l**3 - 4*l**2. List the prime factors of i(-4).
73
Let w be 26 + 0 + 1 - 0. Suppose -4*p - 9 - 19 = 0. Let i = p + w. What are the prime factors of i?
2, 5
Let c be 1*-5*7/(-7). Let s(f) = -3 - 3*f + 4*f**2 - f**3 + 10*f + 0. What are the prime factors of s(c)?
7
Let p(m) = -9*m**2 - 2*m + 2. Suppose -12 = -2*c - 2*w, c + 4*c - 5*w = -10. Let q be p(c). What are the prime factors of 0 - 1 - q/1?
37
Let i(w) = w**3 - 18*w**2 - 15*w + 24. Let t be i(19). Suppose z + 300 = 3*j + 2*z, -j + t = 5*z. List the prime factors of j.
2, 5
Suppose 3*x - 21 = 5*o + 3, 3*o = -5*x + 6. Suppose 108 + 132 = x*u. List the prime factors of u.
2, 5
Let d(s) = 3*s - 4. Let q be d(5). Let n = -20 + 15. Let r = n + q. List the prime factors of r.
2, 3
Let z = -172 + 105. Let l = -42 - z. Suppose 5*y - 2*i = 126, 3*i - 7 = -y + l. List the prime factors of y.
2, 13
Let a be 6/7 - 8/(-56). List the prime factors of (22/(-6))/(a/(-3)).
11
Let g(w) = 17*w + 1086. List the prime factors of g(-18).
2, 3, 5, 13
Let w(v) = 44*v**3 - v**2 - 4*v + 3. Let m = -18 - -20. Let n be w(m). Suppose -108 = 5*x - 5*z - n, -2*z + 214 = 5*x. What are the prime factors of x?
2, 11
Let d(k) = -125*k - 532. List the prime factors of d(-9).
593
Let a be (-212)/(-20) + (-6)/(-15). Suppose 2*r = 4*y + 14, 0*y = 3*r - y - a. Let v = 31 - r. List the prime factors of v.
2, 7
Let y(c) = c**3 - 5*c**2 - 5*c - 1. Let o be y(6). Let z(m) = -8*m - 2*m**2 - 3*m**2 + 1 + o*m**2 + 2*m**2. What are the prime factors of z(6)?
5
Suppose 2*v - 22 = -3*u, -3*u - 2*v = u - 30. Let f = u + -5. Suppose 57 = 3*s - 3*r, -2*s - f*r + 18 = -5. What are the prime factors of s?
2
Suppose -2*m = -w + 4128, 5*w + 8*m - 20624 = 10*m. What are the prime factors of w?
2, 1031
Let r = 42 + -44. What are the prime factors of (54 - -5) + (2*r - -1)?
2, 7
Suppose 3*s - 5*h = 3287 + 4401, -h - 10245 = -4*s. List the prime factors of s.
13, 197
Let u(f) = 21*f**2 - 7*f + 12